1
Let t(j) = j. Let y(c) = -5*c - 5. Let f(k) = 6*t(k) + y(k). Let s be f(5). Suppose 5*d + 5*p - 10 = s, 4*p + 1 = -d - 0*p. What is the units digit of d?
3
Let s be 1/(-2)*2*13. Let j = s - -18. What is the units digit of j?
5
Let x(v) = -v**3 + 4*v**2 + 7*v - 3. Let s be x(5). Suppose 0 = 2*i - s*i + 85. What is the tens digit of i?
1
Suppose h - 2 - 2 = 0. Let i = -7 - -11. Suppose 0 = -h*x - 16, a - i*x = 2*a + 8. What is the units digit of a?
8
Suppose 0*m = m - 66. What is the units digit of m?
6
Let n(d) = -d**2 + 17*d + 3. What is the tens digit of n(6)?
6
Let h(o) = o + 6. Let r be h(-6). Let y = r - -3. Suppose 9 = y*p, 5*t = 3*p - p + 4. What is the units digit of t?
2
Let v be 0*(-4 + 1 + 2). What is the tens digit of 87/(9/3) - v?
2
Suppose u - 3 = -n + 10, -3*n = -2*u - 54. Suppose -n = -2*x - 6. Let c = 9 - x. What is the units digit of c?
4
Let c(l) = -l**2 - 4*l - 1. Let q be c(-3). Suppose 0*p = q*p + i - 10, 3*p = 2*i + 1. What is the units digit of p?
3
Let d(y) = -y + 3. Let x be d(-3). Suppose -6*k = -3*k - x. What is the units digit of k?
2
Let f(h) = h - 11. Let a(m) = -1. Let z(i) = -4*a(i) - f(i). What is the units digit of z(11)?
4
Suppose 0*a - 1096 = -8*a. What is the units digit of a?
7
Suppose -5*i - 150 + 545 = 3*x, 0 = -2*x. What is the units digit of i?
9
Let z(i) = -i**3 + 10*i**2 - 10*i - 1. What is the tens digit of z(8)?
4
Let k(d) = -d**3 + 7*d**2 - 4*d - 3. Let m be 3*(-3 - -1)*-1. What is the units digit of k(m)?
9
Let w(x) be the first derivative of x**3/3 - x**2/2 + 23*x - 3. What is the units digit of w(0)?
3
Suppose -4*t - t + 285 = 0. Suppose 5*x = -22 + t. Let r = x - -9. What is the tens digit of r?
1
Let d(u) = 83*u**3 + 3*u - 4. What is the units digit of d(1)?
2
Let c = 2 - -3. Suppose -c*x - 2*a = -85, -4*x + 74 - 6 = a. What is the units digit of x?
7
Suppose -l + w - 29 = -6*l, 3*l = 4*w + 22. Let k = 9 - l. Suppose -k*i - i - 68 = -4*g, -3*g + 2*i + 48 = 0. What is the tens digit of g?
1
Let l(p) = -p**2 - 11*p + 12. Let n be l(-11). What is the units digit of 4 + (n/(-4) - -3)?
4
Suppose -4*h + 91 = -45. What is the units digit of h?
4
Let f = 0 - 4. Let t(c) = -c + 1. Let w be t(f). Suppose -w - 19 = -2*p. What is the units digit of p?
2
Suppose -9*r + 45 = -4*r. Let z = 6 + r. What is the tens digit of z?
1
What is the tens digit of (1 - -157)/2*(6 - 5)?
7
Suppose -18 = -2*i + 6. Suppose -9*g + i*g = 45. What is the tens digit of g?
1
Suppose -4 - 2 = -2*h. Suppose 2*p - h = 9. Suppose 2*q - c = 2*c + 32, c = -q + p. What is the tens digit of q?
1
Let i = -57 - -172. What is the tens digit of i?
1
Let j = 207 + -57. What is the tens digit of j?
5
Let v = 1 - -1. Let t(b) = 4*b + b + b - 3. What is the units digit of t(v)?
9
What is the hundreds digit of 365 + (-1)/(-4) + (-6)/(-8)?
3
Suppose -y = -6*y + 10. Let h be 8/3*(-3)/y. Let u(f) = -f - 3. What is the units digit of u(h)?
1
Suppose 6*x - x - 15 = 0. Suppose -2*h + 1 = -x*h + 5*d, 0 = -4*d - 8. What is the tens digit of (-3)/3 - h/1?
1
Let s(v) be the third derivative of v**5/60 + 7*v**4/24 + 5*v**3/6 - 2*v**2. Let g be (0 - 3)/3 + -7. What is the tens digit of s(g)?
1
Let a(t) = -t**2 + 4*t - 1. Suppose 27 = d - 5*m, 0 = -2*m - 5 - 5. What is the units digit of a(d)?
3
Let d(x) = 7*x**3 - 5*x**2 - x - 2. Let o(q) = -6*q**3 + 4*q**2 + q + 2. Let g(c) = 5*d(c) + 6*o(c). Let w be g(0). Let u = w + 8. What is the tens digit of u?
1
Let w = 75 - 64. What is the tens digit of w?
1
Let v = 55 + -38. Suppose -3*n + v + 13 = 0. What is the tens digit of n?
1
Suppose 7*x - 3*x + 32 = 0. Let l = 13 + x. What is the units digit of l?
5
Let y(g) = -53*g - 1. What is the units digit of y(-1)?
2
Let t = -24 + -29. Let g = 74 + t. Suppose -3*y = -g - 6. What is the units digit of y?
9
Let x(z) = 3*z + 4. Let m be x(3). Suppose 4*h + 5 = m. What is the units digit of h?
2
Let d = 23 + -16. Suppose 5 + d = 4*o. Suppose -o*m = -8*m + 40. What is the units digit of m?
8
Let l be (-7)/((3/(-30))/1). Suppose 25 - l = -3*v. What is the tens digit of v?
1
Let m be -2*(-1)/2*4. Suppose m*i = l + 92, -5*i + 92 = -i - 5*l. What is the tens digit of i?
2
Let n = -18 + 9. Let l = 46 + -17. Let w = n + l. What is the units digit of w?
0
Let c be 29/(-4) - 3/(-12). Let d(f) = -f - 11. Let s(r) = -r - 16. Let p(l) = c*d(l) + 5*s(l). What is the units digit of p(2)?
1
Let k(w) = -w**3 - 3*w**2 - w + 5. What is the units digit of k(-5)?
0
Suppose -159 = -3*m - 0*d - 5*d, d = -2*m + 106. What is the tens digit of m?
5
Let i(a) = 5*a. Suppose -3*b = -0*b - 3. What is the units digit of i(b)?
5
Let i be (-1)/(-2 - 0)*4. Suppose 2*l + 3*n - 6 = 0, -2*l - i*l + 12 = -3*n. What is the units digit of l?
3
Suppose j - 5*h = 5*j - 23, -j - 4*h = -14. Suppose 0 = 5*p + 5*a - 15, -5*a = j*p + p - 3. What is the units digit of p?
6
Let g = 3 - 3. Suppose g = -3*j - 18 + 57. What is the tens digit of j?
1
Let x(j) = -5*j - 4. What is the units digit of x(-6)?
6
Suppose 5*r = 4*n - 3 - 8, 0 = -3*n + 3*r + 6. What is the units digit of (-1)/(n + 16/20)?
5
Suppose 5*c - 9 = 36. What is the units digit of c?
9
Suppose -2 = -5*a + 8. Suppose -a*k - 4 = -4*k. What is the units digit of k?
2
Suppose -2*c + c = 0. Let k be (-88)/(-24) + 1/3. Suppose k*m = -c*m + 8. What is the units digit of m?
2
What is the tens digit of -7 + 45 - (-5 - -2)?
4
Let k = 64 + -30. Let c = -24 + k. Let g = c + -6. What is the units digit of g?
4
Suppose 11 = -4*r - 9. Let g be (-205)/15 + (-4)/(-6). Let y = r - g. What is the units digit of y?
8
Let v(w) = w**2 + 10. What is the tens digit of v(-7)?
5
Let d(g) be the second derivative of g**5/20 + 5*g**4/12 - g**3/2 + 4*g**2 + g. Let j be d(-6). Let l(f) = f + 14. What is the units digit of l(j)?
4
Suppose 3*o = -3*n - 72, 0 = 2*n - 5*o + 27 + 42. Let m be 3/(-12) + n/(-12). Suppose -m = 5*r - 37. What is the units digit of r?
7
Suppose -v - 2*v = -27. Suppose -3*h - 3 = -2*h, 3*b + 3*h - v = 0. What is the units digit of b?
6
Let k be ((-44)/(-10))/((-4)/20). Let q be (-172)/k - (-2)/11. Suppose -2*j + 3*m + q = -16, 0 = -5*m - 20. What is the units digit of j?
6
Let w = 68 + -40. What is the units digit of w?
8
Let g(z) = 19*z + 3. What is the tens digit of g(1)?
2
Suppose 0 = 5*r + 2*z - 131, 3*r - 4*z = -z + 66. What is the units digit of r?
5
Let z = -26 - -46. What is the tens digit of z?
2
Suppose 4*c = 17 + 3. Suppose 6*g - g - c = 0. Suppose 2*k - 1 = g. What is the units digit of k?
1
Let l(s) = 5*s**3 + 0*s**2 + 2 - 6*s**3 - 3*s**3 + s**2 + s. What is the units digit of l(-2)?
6
Suppose -t + 164 = 97. What is the tens digit of t?
6
Let p = 361 + -146. What is the tens digit of p?
1
Let q(t) = t**2 - 5*t + 2. Let x(f) = -f**2 + 9*f - 9. Let a be x(7). What is the units digit of q(a)?
2
Let z = 242 + -99. What is the hundreds digit of z?
1
Let m(u) = -u**2 - 4*u + 2. Let b be m(-4). Suppose b*r = 7*r + 5*f, 4*f + 16 = 0. Suppose r + 2 = 3*y. What is the units digit of y?
2
Let z = 7 + -1. Let n(b) = b**2 - 6*b + 6. Let j be n(z). Suppose -4 = -3*f - 5*y + j, 4*f = 3*y + 52. What is the units digit of f?
0
Let s be (-20)/(-2) - 0/5. Let w = 30 - s. Let c = w - 13. What is the units digit of c?
7
Let n = -3 - -4. Let m(k) = 2*k - 13. Let t(q) = -1. Let b(l) = n*m(l) - 5*t(l). What is the units digit of b(6)?
4
Let v(s) = -s**2 - 8*s - 10. Let g be v(-7). Let l(n) = n**2 + 2*n - 1. Let z(k) = k**2 + k. Let m(h) = g*l(h) + 2*z(h). What is the units digit of m(-4)?
3
Let j(w) = -3*w - 8. Let y be j(-8). Let i = y - 11. Let f(c) = c**3 - 4*c**2 - 4*c - 3. What is the units digit of f(i)?
2
Suppose q + 4*q - 55 = 0. Suppose -q = 4*p - 51. What is the tens digit of p?
1
Suppose j = -3*f + 9, 2*j - 3 = 5*f - 18. Suppose j*q - q + 2 = 0. What is the units digit of q?
2
Let k(q) = -q**2 - 9*q. Let u = -24 - -14. Let m = u - -6. What is the units digit of k(m)?
0
What is the tens digit of ((-57)/6)/(55/(-50) + 1)?
9
Let q(x) = -x + 2. Let o be q(6). Let h be -1 + (-2)/(-2) - o. What is the units digit of -1 + h/(12/15)?
4
Let b(j) = 2*j**2 - 2*j - 1. Let z be (-1 - (5 - 2)) + 6. What is the units digit of b(z)?
3
Let h be 1 + 6 + (-3 - -1). Let g(m) = -m + 3. Let q be g(3). Let k = q + h. What is the units digit of k?
5
Let h = 19 + -17. Suppose -4*b